{"id":2,"date":"2011-09-27T15:00:24","date_gmt":"2011-09-27T15:00:24","guid":{"rendered":"http:\/\/www.asbuers.com\/basket-villeurbanne\/?page_id=2"},"modified":"2014-07-12T15:24:27","modified_gmt":"2014-07-12T15:24:27","slug":"contact","status":"publish","type":"page","link":"http:\/\/www.asbuers.com\/basket-villeurbanne\/contact\/","title":{"rendered":"Contact"},"content":{"rendered":"<h2><strong>Contacter le secr\u00e9tariat de l&rsquo;AS Buers Basket<\/strong><\/h2>\n<p>N\u2019h\u00e9sitez pas \u00e0 nous contacter pour toute information compl\u00e9mentaire.<\/p>\n<p>Merci d&rsquo;utiliser notre formulaire de contact en ligne ci dessous.<\/p>\n<p>Pour <strong><span style=\"color: red;\">une demande d&rsquo;inscription<\/span><\/strong> merci d&rsquo;utiliser <a href=\"http:\/\/www.asbuers.com\/basket-villeurbanne\/inscription\">le formulaire d\u00e9di\u00e9 aux demandes d&rsquo;inscription<\/a>\u00a0SVP \ud83d\ude42<\/p>\n<h2><strong>Ou bien contactez le bureau aux horaires d&rsquo;ouverture :<\/strong><\/h2>\n<p>Tous les lundi et vendredi de 18h30 \u00e0 20h00 au <strong>04.72.65.91.36<\/strong><\/p>\n\n<div class=\"wpcf7 no-js\" id=\"wpcf7-f218-o1\" lang=\"en-US\" dir=\"ltr\" data-wpcf7-id=\"218\">\n<div class=\"screen-reader-response\"><p role=\"status\" aria-live=\"polite\" aria-atomic=\"true\"><\/p> <ul><\/ul><\/div>\n<form action=\"\/basket-villeurbanne\/wp-json\/wp\/v2\/pages\/2#wpcf7-f218-o1\" method=\"post\" class=\"wpcf7-form init\" aria-label=\"Contact form\" novalidate=\"novalidate\" data-status=\"init\">\n<fieldset class=\"hidden-fields-container\"><input type=\"hidden\" name=\"_wpcf7\" value=\"218\" \/><input type=\"hidden\" name=\"_wpcf7_version\" value=\"6.1.5\" \/><input type=\"hidden\" name=\"_wpcf7_locale\" value=\"en_US\" \/><input type=\"hidden\" name=\"_wpcf7_unit_tag\" value=\"wpcf7-f218-o1\" \/><input type=\"hidden\" name=\"_wpcf7_container_post\" value=\"0\" \/><input type=\"hidden\" name=\"_wpcf7_posted_data_hash\" value=\"\" \/><input type=\"hidden\" name=\"_wpcf7_recaptcha_response\" value=\"\" \/>\n<\/fieldset>\n<h2>Formulaire de contact\n<\/h2>\n<p>Votre nom et pr\u00e9nom (obligatoire)\n<\/p>\n<p><span class=\"wpcf7-form-control-wrap\" data-name=\"your-name\"><input size=\"40\" maxlength=\"400\" class=\"wpcf7-form-control wpcf7-text wpcf7-validates-as-required\" aria-required=\"true\" aria-invalid=\"false\" value=\"\" type=\"text\" name=\"your-name\" \/><\/span>\n<\/p>\n<p>Votre num\u00e9ro de t\u00e9l\u00e9phone (obligatoire)\n<\/p>\n<p><span class=\"wpcf7-form-control-wrap\" data-name=\"your-telephone\"><input size=\"40\" maxlength=\"400\" class=\"wpcf7-form-control wpcf7-text wpcf7-validates-as-required\" aria-required=\"true\" aria-invalid=\"false\" value=\"\" type=\"text\" name=\"your-telephone\" \/><\/span>\n<\/p>\n<p>Votre adresse email (obligatoire)\n<\/p>\n<p><span class=\"wpcf7-form-control-wrap\" data-name=\"your-email\"><input size=\"40\" maxlength=\"400\" class=\"wpcf7-form-control wpcf7-email wpcf7-validates-as-required wpcf7-text wpcf7-validates-as-email\" aria-required=\"true\" aria-invalid=\"false\" value=\"\" type=\"email\" name=\"your-email\" \/><\/span>\n<\/p>\n<p>Sujet\n<\/p>\n<p><span class=\"wpcf7-form-control-wrap\" data-name=\"your-subject\"><input size=\"80\" maxlength=\"100\" class=\"wpcf7-form-control wpcf7-text wpcf7-validates-as-required\" aria-required=\"true\" aria-invalid=\"false\" value=\"\" type=\"text\" name=\"your-subject\" \/><\/span>\n<\/p>\n<p>Votre message\n<\/p>\n<p><span class=\"wpcf7-form-control-wrap\" data-name=\"your-message\"><textarea cols=\"80\" rows=\"30\" maxlength=\"2000\" class=\"wpcf7-form-control wpcf7-textarea wpcf7-validates-as-required\" aria-required=\"true\" aria-invalid=\"false\" name=\"your-message\"><\/textarea><\/span>\n<\/p>\n<p><input class=\"wpcf7-form-control wpcf7-submit has-spinner\" type=\"submit\" value=\"Envoyer\" \/>\n<\/p><p style=\"display: none !important;\" class=\"akismet-fields-container\" data-prefix=\"_wpcf7_ak_\"><label>&#916;<textarea name=\"_wpcf7_ak_hp_textarea\" cols=\"45\" rows=\"8\" maxlength=\"100\"><\/textarea><\/label><input type=\"hidden\" id=\"ak_js_1\" name=\"_wpcf7_ak_js\" value=\"127\"\/><script>document.getElementById( \"ak_js_1\" ).setAttribute( \"value\", ( new Date() ).getTime() );<\/script><\/p><div class=\"wpcf7-response-output\" aria-hidden=\"true\"><\/div>\n<\/form>\n<\/div>\n\n","protected":false},"excerpt":{"rendered":"<p>Contacter le secr\u00e9tariat de l&rsquo;AS Buers Basket N\u2019h\u00e9sitez pas \u00e0 nous contacter pour toute information compl\u00e9mentaire. Merci d&rsquo;utiliser notre formulaire de contact en ligne ci dessous. Pour une demande d&rsquo;inscription merci d&rsquo;utiliser le formulaire d\u00e9di\u00e9 aux demandes d&rsquo;inscription\u00a0SVP \ud83d\ude42 Ou bien contactez le bureau aux horaires d&rsquo;ouverture : Tous les [&hellip;]<\/p>\n","protected":false},"author":3,"featured_media":0,"parent":0,"menu_order":0,"comment_status":"closed","ping_status":"closed","template":"","meta":{"footnotes":""},"class_list":["post-2","page","type-page","status-publish","hentry"],"jetpack_sharing_enabled":true,"_links":{"self":[{"href":"http:\/\/www.asbuers.com\/basket-villeurbanne\/wp-json\/wp\/v2\/pages\/2","targetHints":{"allow":["GET"]}}],"collection":[{"href":"http:\/\/www.asbuers.com\/basket-villeurbanne\/wp-json\/wp\/v2\/pages"}],"about":[{"href":"http:\/\/www.asbuers.com\/basket-villeurbanne\/wp-json\/wp\/v2\/types\/page"}],"author":[{"embeddable":true,"href":"http:\/\/www.asbuers.com\/basket-villeurbanne\/wp-json\/wp\/v2\/users\/3"}],"replies":[{"embeddable":true,"href":"http:\/\/www.asbuers.com\/basket-villeurbanne\/wp-json\/wp\/v2\/comments?post=2"}],"version-history":[{"count":13,"href":"http:\/\/www.asbuers.com\/basket-villeurbanne\/wp-json\/wp\/v2\/pages\/2\/revisions"}],"predecessor-version":[{"id":1247,"href":"http:\/\/www.asbuers.com\/basket-villeurbanne\/wp-json\/wp\/v2\/pages\/2\/revisions\/1247"}],"wp:attachment":[{"href":"http:\/\/www.asbuers.com\/basket-villeurbanne\/wp-json\/wp\/v2\/media?parent=2"}],"curies":[{"name":"wp","href":"https:\/\/api.w.org\/{rel}","templated":true}]}}